{"id":164,"date":"2014-03-03T20:25:38","date_gmt":"2014-03-03T18:25:38","guid":{"rendered":"http:\/\/www.windemuth-osterloh.de\/?page_id=164"},"modified":"2014-03-24T19:39:56","modified_gmt":"2014-03-24T17:39:56","slug":"transidentitaet","status":"publish","type":"page","link":"https:\/\/www.windemuth-osterloh.de\/?page_id=164","title":{"rendered":"Transidentit\u00e4t"},"content":{"rendered":"<p><!-- index.php -->\n<div\n\tclass=\"ngg-galleryoverview ngg-ajax-pagination-none\"\n\tid=\"ngg-gallery-165-1\">\n\n    \t\t<!-- Thumbnails -->\n\t\t\t\t<div id=\"ngg-image-0\" class=\"ngg-gallery-thumbnail-box\" >\n\t\t\t\t        <div class=\"ngg-gallery-thumbnail\">\n            <a href=\"https:\/\/www.windemuth-osterloh.de\/wp-content\/gallery\/skulpt-transidentitaet\/1_koepfe-gedok_fertig.jpg\"\n               title=\"\"\n               data-src=\"https:\/\/www.windemuth-osterloh.de\/wp-content\/gallery\/skulpt-transidentitaet\/1_koepfe-gedok_fertig.jpg\"\n               data-thumbnail=\"https:\/\/www.windemuth-osterloh.de\/wp-content\/gallery\/skulpt-transidentitaet\/thumbs\/thumbs_1_koepfe-gedok_fertig.jpg\"\n               data-image-id=\"65\"\n               data-title=\"1_koepfe-gedok_fertig\"\n               data-description=\"\"\n               data-image-slug=\"1_koepfe-gedok_fertig\"\n               class=\"ngg-fancybox\" rel=\"165\">\n                <img\n                    title=\"1_koepfe-gedok_fertig\"\n                    alt=\"1_koepfe-gedok_fertig\"\n                    src=\"https:\/\/www.windemuth-osterloh.de\/wp-content\/gallery\/skulpt-transidentitaet\/thumbs\/thumbs_1_koepfe-gedok_fertig.jpg\"\n                    width=\"120\"\n                    height=\"120\"\n                    style=\"max-width:100%;\"\n                \/>\n            <\/a>\n        <\/div>\n\t\t\t\t\t\t\t<\/div> \n\t\t\t\n        \n\t\t\t\t<div id=\"ngg-image-1\" class=\"ngg-gallery-thumbnail-box\" >\n\t\t\t\t        <div class=\"ngg-gallery-thumbnail\">\n            <a href=\"https:\/\/www.windemuth-osterloh.de\/wp-content\/gallery\/skulpt-transidentitaet\/2_kopf-einzeln-klein-1.jpg\"\n               title=\"\"\n               data-src=\"https:\/\/www.windemuth-osterloh.de\/wp-content\/gallery\/skulpt-transidentitaet\/2_kopf-einzeln-klein-1.jpg\"\n               data-thumbnail=\"https:\/\/www.windemuth-osterloh.de\/wp-content\/gallery\/skulpt-transidentitaet\/thumbs\/thumbs_2_kopf-einzeln-klein-1.jpg\"\n               data-image-id=\"66\"\n               data-title=\"2_kopf-einzeln-klein-1\"\n               data-description=\"\"\n               data-image-slug=\"2_kopf-einzeln-klein-1\"\n               class=\"ngg-fancybox\" rel=\"165\">\n                <img\n                    title=\"2_kopf-einzeln-klein-1\"\n                    alt=\"2_kopf-einzeln-klein-1\"\n                    src=\"https:\/\/www.windemuth-osterloh.de\/wp-content\/gallery\/skulpt-transidentitaet\/thumbs\/thumbs_2_kopf-einzeln-klein-1.jpg\"\n                    width=\"120\"\n                    height=\"120\"\n                    style=\"max-width:100%;\"\n                \/>\n            <\/a>\n        <\/div>\n\t\t\t\t\t\t\t<\/div> \n\t\t\t\n        \n\t\t\n\t\t<!-- Pagination -->\n\t<div class='ngg-clear'><\/div>\t<\/div>\n<\/p>\n<p>Die K\u00fcnstlerin setzt sich mit den vermeintlich unver\u00e4nderlichen Merkmalen der beiden biologischen Geschlechter auseinander, mit denen man Zeit seines Lebens auf eine bestimmte gesellschaftlich definierte Rolle und entsprechende Verhaltensnormen festgelegt wird.<\/p>\n<p>Zwei B\u00fcsten in Lebensgr\u00f6\u00dfe treten dem Betrachter entgegen, welche weitgehende \u00dcbereinstimmungen aufweisen. In Material, Format, Haltung und Gesichtsz\u00fcgen sind sie nahezu identisch. Erst bei genauerer Betrachtung wird erkennbar, dass links eine Frau zu sehen ist, deren biologisches Geschlecht offenbar m\u00e4nnlich, und rechts ein Mann, dessen biologisches Geschlecht weiblich ist. In &#8222;m\u00e4nnlich -weiblich -Transidentit\u00e4t&#8220; wird jede Sensationsl\u00fcsternheit, die dem Thema gerne anh\u00e4ngt, konsequent vermieden.<\/p>\n<p>Auf stille, subtile Art und Weise schrumpft der einst un\u00fcberbr\u00fcckbare Gegensatz zwischen den traditionell definierten Geschlechtern auf ein Minimum, ist kaum mehr wahrnehmbar. Gleichsam in sachlicher Beweisf\u00fchrung schafft die K\u00fcnstlerin den visuellen Beleg, dass nicht nur zwei Geschlechter existieren, die einander als Gegensatz ausschlie\u00dfen, sondern dass auch Zwischenformen und \u00dcberg\u00e4nge in Betracht gezogen und ernst genommen werden m\u00fcssen<\/p>\n<p>Daniela Stoffel- Kunsthistorikerin<\/p>\n","protected":false},"excerpt":{"rendered":"<p>Die K\u00fcnstlerin setzt sich mit den vermeintlich unver\u00e4nderlichen Merkmalen der beiden biologischen Geschlechter auseinander, mit denen man Zeit seines Lebens auf eine bestimmte gesellschaftlich definierte Rolle und entsprechende Verhaltensnormen festgelegt wird. Zwei B\u00fcsten in Lebensgr\u00f6\u00dfe treten dem Betrachter entgegen, welche weitgehende \u00dcbereinstimmungen aufweisen. In Material, Format, Haltung und Gesichtsz\u00fcgen sind sie nahezu identisch. Erst bei [&hellip;]<\/p>\n","protected":false},"author":1,"featured_media":0,"parent":4,"menu_order":80,"comment_status":"closed","ping_status":"open","template":"","meta":{"ngg_post_thumbnail":0},"_links":{"self":[{"href":"https:\/\/www.windemuth-osterloh.de\/index.php?rest_route=\/wp\/v2\/pages\/164"}],"collection":[{"href":"https:\/\/www.windemuth-osterloh.de\/index.php?rest_route=\/wp\/v2\/pages"}],"about":[{"href":"https:\/\/www.windemuth-osterloh.de\/index.php?rest_route=\/wp\/v2\/types\/page"}],"author":[{"embeddable":true,"href":"https:\/\/www.windemuth-osterloh.de\/index.php?rest_route=\/wp\/v2\/users\/1"}],"replies":[{"embeddable":true,"href":"https:\/\/www.windemuth-osterloh.de\/index.php?rest_route=%2Fwp%2Fv2%2Fcomments&post=164"}],"version-history":[{"count":2,"href":"https:\/\/www.windemuth-osterloh.de\/index.php?rest_route=\/wp\/v2\/pages\/164\/revisions"}],"predecessor-version":[{"id":302,"href":"https:\/\/www.windemuth-osterloh.de\/index.php?rest_route=\/wp\/v2\/pages\/164\/revisions\/302"}],"up":[{"embeddable":true,"href":"https:\/\/www.windemuth-osterloh.de\/index.php?rest_route=\/wp\/v2\/pages\/4"}],"wp:attachment":[{"href":"https:\/\/www.windemuth-osterloh.de\/index.php?rest_route=%2Fwp%2Fv2%2Fmedia&parent=164"}],"curies":[{"name":"wp","href":"https:\/\/api.w.org\/{rel}","templated":true}]}}