{"id":155,"date":"2014-03-03T20:23:18","date_gmt":"2014-03-03T18:23:18","guid":{"rendered":"http:\/\/www.windemuth-osterloh.de\/?page_id=155"},"modified":"2014-03-24T19:39:07","modified_gmt":"2014-03-24T17:39:07","slug":"duenne-haut","status":"publish","type":"page","link":"https:\/\/www.windemuth-osterloh.de\/?page_id=155","title":{"rendered":"D\u00fcnne Haut"},"content":{"rendered":"<p><!-- index.php -->\n<div\n\tclass=\"ngg-galleryoverview ngg-ajax-pagination-none\"\n\tid=\"ngg-gallery-156-1\">\n\n    \t\t<!-- Thumbnails -->\n\t\t\t\t<div id=\"ngg-image-0\" class=\"ngg-gallery-thumbnail-box\" >\n\t\t\t\t        <div class=\"ngg-gallery-thumbnail\">\n            <a href=\"https:\/\/www.windemuth-osterloh.de\/wp-content\/gallery\/skulpt-duennehaut\/1_gartnerhaus-dunne-haut.jpg\"\n               title=\"\"\n               data-src=\"https:\/\/www.windemuth-osterloh.de\/wp-content\/gallery\/skulpt-duennehaut\/1_gartnerhaus-dunne-haut.jpg\"\n               data-thumbnail=\"https:\/\/www.windemuth-osterloh.de\/wp-content\/gallery\/skulpt-duennehaut\/thumbs\/thumbs_1_gartnerhaus-dunne-haut.jpg\"\n               data-image-id=\"55\"\n               data-title=\"1_gartnerhaus-dunne-haut\"\n               data-description=\"\"\n               data-image-slug=\"1_gartnerhaus-dunne-haut\"\n               class=\"ngg-fancybox\" rel=\"156\">\n                <img\n                    title=\"1_gartnerhaus-dunne-haut\"\n                    alt=\"1_gartnerhaus-dunne-haut\"\n                    src=\"https:\/\/www.windemuth-osterloh.de\/wp-content\/gallery\/skulpt-duennehaut\/thumbs\/thumbs_1_gartnerhaus-dunne-haut.jpg\"\n                    width=\"120\"\n                    height=\"120\"\n                    style=\"max-width:100%;\"\n                \/>\n            <\/a>\n        <\/div>\n\t\t\t\t\t\t\t<\/div> \n\t\t\t\n        \n\t\t\t\t<div id=\"ngg-image-1\" class=\"ngg-gallery-thumbnail-box\" >\n\t\t\t\t        <div class=\"ngg-gallery-thumbnail\">\n            <a href=\"https:\/\/www.windemuth-osterloh.de\/wp-content\/gallery\/skulpt-duennehaut\/2_cimg0016-a.jpg\"\n               title=\"\"\n               data-src=\"https:\/\/www.windemuth-osterloh.de\/wp-content\/gallery\/skulpt-duennehaut\/2_cimg0016-a.jpg\"\n               data-thumbnail=\"https:\/\/www.windemuth-osterloh.de\/wp-content\/gallery\/skulpt-duennehaut\/thumbs\/thumbs_2_cimg0016-a.jpg\"\n               data-image-id=\"56\"\n               data-title=\"2_cimg0016-a\"\n               data-description=\"\"\n               data-image-slug=\"2_cimg0016-a\"\n               class=\"ngg-fancybox\" rel=\"156\">\n                <img\n                    title=\"2_cimg0016-a\"\n                    alt=\"2_cimg0016-a\"\n                    src=\"https:\/\/www.windemuth-osterloh.de\/wp-content\/gallery\/skulpt-duennehaut\/thumbs\/thumbs_2_cimg0016-a.jpg\"\n                    width=\"120\"\n                    height=\"120\"\n                    style=\"max-width:100%;\"\n                \/>\n            <\/a>\n        <\/div>\n\t\t\t\t\t\t\t<\/div> \n\t\t\t\n        \n\t\t\t\t<div id=\"ngg-image-2\" class=\"ngg-gallery-thumbnail-box\" >\n\t\t\t\t        <div class=\"ngg-gallery-thumbnail\">\n            <a href=\"https:\/\/www.windemuth-osterloh.de\/wp-content\/gallery\/skulpt-duennehaut\/3_dunne-haut-12.jpg\"\n               title=\"\"\n               data-src=\"https:\/\/www.windemuth-osterloh.de\/wp-content\/gallery\/skulpt-duennehaut\/3_dunne-haut-12.jpg\"\n               data-thumbnail=\"https:\/\/www.windemuth-osterloh.de\/wp-content\/gallery\/skulpt-duennehaut\/thumbs\/thumbs_3_dunne-haut-12.jpg\"\n               data-image-id=\"57\"\n               data-title=\"3_dunne-haut-12\"\n               data-description=\"\"\n               data-image-slug=\"3_dunne-haut-12\"\n               class=\"ngg-fancybox\" rel=\"156\">\n                <img\n                    title=\"3_dunne-haut-12\"\n                    alt=\"3_dunne-haut-12\"\n                    src=\"https:\/\/www.windemuth-osterloh.de\/wp-content\/gallery\/skulpt-duennehaut\/thumbs\/thumbs_3_dunne-haut-12.jpg\"\n                    width=\"120\"\n                    height=\"120\"\n                    style=\"max-width:100%;\"\n                \/>\n            <\/a>\n        <\/div>\n\t\t\t\t\t\t\t<\/div> \n\t\t\t\n        \n\t\t\t\t<div id=\"ngg-image-3\" class=\"ngg-gallery-thumbnail-box\" >\n\t\t\t\t        <div class=\"ngg-gallery-thumbnail\">\n            <a href=\"https:\/\/www.windemuth-osterloh.de\/wp-content\/gallery\/skulpt-duennehaut\/4_dunne-haut-22.jpg\"\n               title=\"\"\n               data-src=\"https:\/\/www.windemuth-osterloh.de\/wp-content\/gallery\/skulpt-duennehaut\/4_dunne-haut-22.jpg\"\n               data-thumbnail=\"https:\/\/www.windemuth-osterloh.de\/wp-content\/gallery\/skulpt-duennehaut\/thumbs\/thumbs_4_dunne-haut-22.jpg\"\n               data-image-id=\"58\"\n               data-title=\"4_dunne-haut-22\"\n               data-description=\"\"\n               data-image-slug=\"4_dunne-haut-22\"\n               class=\"ngg-fancybox\" rel=\"156\">\n                <img\n                    title=\"4_dunne-haut-22\"\n                    alt=\"4_dunne-haut-22\"\n                    src=\"https:\/\/www.windemuth-osterloh.de\/wp-content\/gallery\/skulpt-duennehaut\/thumbs\/thumbs_4_dunne-haut-22.jpg\"\n                    width=\"120\"\n                    height=\"120\"\n                    style=\"max-width:100%;\"\n                \/>\n            <\/a>\n        <\/div>\n\t\t\t\t\t\t\t<\/div> \n\t\t\t\n        \n\t\t\t\t<div id=\"ngg-image-4\" class=\"ngg-gallery-thumbnail-box\" >\n\t\t\t\t        <div class=\"ngg-gallery-thumbnail\">\n            <a href=\"https:\/\/www.windemuth-osterloh.de\/wp-content\/gallery\/skulpt-duennehaut\/DunneHaut14n.jpg\"\n               title=\"\"\n               data-src=\"https:\/\/www.windemuth-osterloh.de\/wp-content\/gallery\/skulpt-duennehaut\/DunneHaut14n.jpg\"\n               data-thumbnail=\"https:\/\/www.windemuth-osterloh.de\/wp-content\/gallery\/skulpt-duennehaut\/thumbs\/thumbs_DunneHaut14n.jpg\"\n               data-image-id=\"160\"\n               data-title=\"DunneHaut14n\"\n               data-description=\"\"\n               data-image-slug=\"dunnehaut14n\"\n               class=\"ngg-fancybox\" rel=\"156\">\n                <img\n                    title=\"DunneHaut14n\"\n                    alt=\"DunneHaut14n\"\n                    src=\"https:\/\/www.windemuth-osterloh.de\/wp-content\/gallery\/skulpt-duennehaut\/thumbs\/thumbs_DunneHaut14n.jpg\"\n                    width=\"120\"\n                    height=\"120\"\n                    style=\"max-width:100%;\"\n                \/>\n            <\/a>\n        <\/div>\n\t\t\t\t\t\t\t<\/div> \n\t\t\t\n        \n\t\t\t\t<div id=\"ngg-image-5\" class=\"ngg-gallery-thumbnail-box\" >\n\t\t\t\t        <div class=\"ngg-gallery-thumbnail\">\n            <a href=\"https:\/\/www.windemuth-osterloh.de\/wp-content\/gallery\/skulpt-duennehaut\/DunneHaut16n.jpg\"\n               title=\"\"\n               data-src=\"https:\/\/www.windemuth-osterloh.de\/wp-content\/gallery\/skulpt-duennehaut\/DunneHaut16n.jpg\"\n               data-thumbnail=\"https:\/\/www.windemuth-osterloh.de\/wp-content\/gallery\/skulpt-duennehaut\/thumbs\/thumbs_DunneHaut16n.jpg\"\n               data-image-id=\"161\"\n               data-title=\"DunneHaut16n\"\n               data-description=\"\"\n               data-image-slug=\"dunnehaut16n\"\n               class=\"ngg-fancybox\" rel=\"156\">\n                <img\n                    title=\"DunneHaut16n\"\n                    alt=\"DunneHaut16n\"\n                    src=\"https:\/\/www.windemuth-osterloh.de\/wp-content\/gallery\/skulpt-duennehaut\/thumbs\/thumbs_DunneHaut16n.jpg\"\n                    width=\"120\"\n                    height=\"120\"\n                    style=\"max-width:100%;\"\n                \/>\n            <\/a>\n        <\/div>\n\t\t\t\t\t\t\t<\/div> \n\t\t\t\n        \n\t\t\t\t<div id=\"ngg-image-6\" class=\"ngg-gallery-thumbnail-box\" >\n\t\t\t\t        <div class=\"ngg-gallery-thumbnail\">\n            <a href=\"https:\/\/www.windemuth-osterloh.de\/wp-content\/gallery\/skulpt-duennehaut\/DunneHaut19n.jpg\"\n               title=\"\"\n               data-src=\"https:\/\/www.windemuth-osterloh.de\/wp-content\/gallery\/skulpt-duennehaut\/DunneHaut19n.jpg\"\n               data-thumbnail=\"https:\/\/www.windemuth-osterloh.de\/wp-content\/gallery\/skulpt-duennehaut\/thumbs\/thumbs_DunneHaut19n.jpg\"\n               data-image-id=\"162\"\n               data-title=\"DunneHaut19n\"\n               data-description=\"\"\n               data-image-slug=\"dunnehaut19n\"\n               class=\"ngg-fancybox\" rel=\"156\">\n                <img\n                    title=\"DunneHaut19n\"\n                    alt=\"DunneHaut19n\"\n                    src=\"https:\/\/www.windemuth-osterloh.de\/wp-content\/gallery\/skulpt-duennehaut\/thumbs\/thumbs_DunneHaut19n.jpg\"\n                    width=\"120\"\n                    height=\"120\"\n                    style=\"max-width:100%;\"\n                \/>\n            <\/a>\n        <\/div>\n\t\t\t\t\t\t\t<\/div> \n\t\t\t\n        \n\t\t\t\t<div id=\"ngg-image-7\" class=\"ngg-gallery-thumbnail-box\" >\n\t\t\t\t        <div class=\"ngg-gallery-thumbnail\">\n            <a href=\"https:\/\/www.windemuth-osterloh.de\/wp-content\/gallery\/skulpt-duennehaut\/DunneHaut27n.jpg\"\n               title=\"\"\n               data-src=\"https:\/\/www.windemuth-osterloh.de\/wp-content\/gallery\/skulpt-duennehaut\/DunneHaut27n.jpg\"\n               data-thumbnail=\"https:\/\/www.windemuth-osterloh.de\/wp-content\/gallery\/skulpt-duennehaut\/thumbs\/thumbs_DunneHaut27n.jpg\"\n               data-image-id=\"163\"\n               data-title=\"DunneHaut27n\"\n               data-description=\"\"\n               data-image-slug=\"dunnehaut27n\"\n               class=\"ngg-fancybox\" rel=\"156\">\n                <img\n                    title=\"DunneHaut27n\"\n                    alt=\"DunneHaut27n\"\n                    src=\"https:\/\/www.windemuth-osterloh.de\/wp-content\/gallery\/skulpt-duennehaut\/thumbs\/thumbs_DunneHaut27n.jpg\"\n                    width=\"120\"\n                    height=\"120\"\n                    style=\"max-width:100%;\"\n                \/>\n            <\/a>\n        <\/div>\n\t\t\t\t\t\t\t<\/div> \n\t\t\t\n        \n\t\t\n\t\t<!-- Pagination -->\n\t<div class='ngg-clear'><\/div>\t<\/div>\n<\/p>\n<p>&#8222;&#8230;dass der Mensch zu allererst mit einem K\u00f6rper in der Welt steht und die Wirklichkeit materiell bew\u00e4ltigt werden muss, ist die traditionelle Grundlage der Bildhauerei, deren Aktualit\u00e4t die 1946 in Aachen geborene K\u00fcnstlerin zum Ausdruck bringt. In der \u00fcberlebensgro\u00dfen Plastik eines segmentierten Leibes, der an ein EEG &#8211; Ger\u00e4t angeschlossen ist, zeigt sie die &#8222;d\u00fcnne Haut&#8220; des Menschen. Die d\u00fcnne Haut bestimmt auch den Blick auf die ernst-zarten Gesichter von Menschen, bei denen die Zuordnung &#8222;m\u00e4nnlich-weiblich&#8220; nicht genau zu treffen ist. In drei Portrait- B\u00fcsten entfaltet sie Variationen zur Erfahrung von &#8222;Transidentit\u00e4t.&#8220; Ihre Skulpturen bieten die M\u00f6glichkeit, Ph\u00e4nomenen ins Auge zu sehen, denen wir im Alltag gerne ausweichen. So auch ihre Darstellungen von Menschen mit Down-Syndrom&#8220;<\/p>\n<p>J\u00fcrgen Kisters, K\u00f6lner Stadtanzeiger<\/p>\n","protected":false},"excerpt":{"rendered":"<p>&#8222;&#8230;dass der Mensch zu allererst mit einem K\u00f6rper in der Welt steht und die Wirklichkeit materiell bew\u00e4ltigt werden muss, ist die traditionelle Grundlage der Bildhauerei, deren Aktualit\u00e4t die 1946 in Aachen geborene K\u00fcnstlerin zum Ausdruck bringt. In der \u00fcberlebensgro\u00dfen Plastik eines segmentierten Leibes, der an ein EEG &#8211; Ger\u00e4t angeschlossen ist, zeigt sie die &#8222;d\u00fcnne [&hellip;]<\/p>\n","protected":false},"author":1,"featured_media":0,"parent":4,"menu_order":50,"comment_status":"closed","ping_status":"closed","template":"","meta":{"ngg_post_thumbnail":0},"_links":{"self":[{"href":"https:\/\/www.windemuth-osterloh.de\/index.php?rest_route=\/wp\/v2\/pages\/155"}],"collection":[{"href":"https:\/\/www.windemuth-osterloh.de\/index.php?rest_route=\/wp\/v2\/pages"}],"about":[{"href":"https:\/\/www.windemuth-osterloh.de\/index.php?rest_route=\/wp\/v2\/types\/page"}],"author":[{"embeddable":true,"href":"https:\/\/www.windemuth-osterloh.de\/index.php?rest_route=\/wp\/v2\/users\/1"}],"replies":[{"embeddable":true,"href":"https:\/\/www.windemuth-osterloh.de\/index.php?rest_route=%2Fwp%2Fv2%2Fcomments&post=155"}],"version-history":[{"count":2,"href":"https:\/\/www.windemuth-osterloh.de\/index.php?rest_route=\/wp\/v2\/pages\/155\/revisions"}],"predecessor-version":[{"id":300,"href":"https:\/\/www.windemuth-osterloh.de\/index.php?rest_route=\/wp\/v2\/pages\/155\/revisions\/300"}],"up":[{"embeddable":true,"href":"https:\/\/www.windemuth-osterloh.de\/index.php?rest_route=\/wp\/v2\/pages\/4"}],"wp:attachment":[{"href":"https:\/\/www.windemuth-osterloh.de\/index.php?rest_route=%2Fwp%2Fv2%2Fmedia&parent=155"}],"curies":[{"name":"wp","href":"https:\/\/api.w.org\/{rel}","templated":true}]}}