{"id":143,"date":"2014-03-03T20:18:47","date_gmt":"2014-03-03T18:18:47","guid":{"rendered":"http:\/\/www.windemuth-osterloh.de\/?page_id=143"},"modified":"2018-11-27T12:00:04","modified_gmt":"2018-11-27T10:00:04","slug":"kleine-koenige","status":"publish","type":"page","link":"https:\/\/www.windemuth-osterloh.de\/?page_id=143","title":{"rendered":"kleine K\u00f6nige"},"content":{"rendered":"<!-- index.php -->\n<div\n\tclass=\"ngg-galleryoverview ngg-ajax-pagination-none\"\n\tid=\"ngg-gallery-62fa80d4f53bab2627e51c55d92c1a95-1\">\n\n    \t\t<!-- Thumbnails -->\n\t\t\t\t<div id=\"ngg-image-0\" class=\"ngg-gallery-thumbnail-box\" >\n\t\t\t\t        <div class=\"ngg-gallery-thumbnail\">\n            <a href=\"https:\/\/www.windemuth-osterloh.de\/wp-content\/gallery\/skulpt-kleinekoenige\/1_004-zollner.jpg\"\n               title=\"\"\n               data-src=\"https:\/\/www.windemuth-osterloh.de\/wp-content\/gallery\/skulpt-kleinekoenige\/1_004-zollner.jpg\"\n               data-thumbnail=\"https:\/\/www.windemuth-osterloh.de\/wp-content\/gallery\/skulpt-kleinekoenige\/thumbs\/thumbs_1_004-zollner.jpg\"\n               data-image-id=\"30\"\n               data-title=\"1_004-zollner\"\n               data-description=\"\"\n               data-image-slug=\"1_004-zollner\"\n               class=\"ngg-fancybox\" rel=\"62fa80d4f53bab2627e51c55d92c1a95\">\n                <img\n                    title=\"1_004-zollner\"\n                    alt=\"1_004-zollner\"\n                    src=\"https:\/\/www.windemuth-osterloh.de\/wp-content\/gallery\/skulpt-kleinekoenige\/thumbs\/thumbs_1_004-zollner.jpg\"\n                    width=\"120\"\n                    height=\"120\"\n                    style=\"max-width:100%;\"\n                \/>\n            <\/a>\n        <\/div>\n\t\t\t\t\t\t\t<\/div> \n\t\t\t\n        \n\t\t\t\t<div id=\"ngg-image-1\" class=\"ngg-gallery-thumbnail-box\" >\n\t\t\t\t        <div class=\"ngg-gallery-thumbnail\">\n            <a href=\"https:\/\/www.windemuth-osterloh.de\/wp-content\/gallery\/skulpt-kleinekoenige\/2_006-zollner.jpg\"\n               title=\"\"\n               data-src=\"https:\/\/www.windemuth-osterloh.de\/wp-content\/gallery\/skulpt-kleinekoenige\/2_006-zollner.jpg\"\n               data-thumbnail=\"https:\/\/www.windemuth-osterloh.de\/wp-content\/gallery\/skulpt-kleinekoenige\/thumbs\/thumbs_2_006-zollner.jpg\"\n               data-image-id=\"31\"\n               data-title=\"2_006-zollner\"\n               data-description=\"\"\n               data-image-slug=\"2_006-zollner\"\n               class=\"ngg-fancybox\" rel=\"62fa80d4f53bab2627e51c55d92c1a95\">\n                <img\n                    title=\"2_006-zollner\"\n                    alt=\"2_006-zollner\"\n                    src=\"https:\/\/www.windemuth-osterloh.de\/wp-content\/gallery\/skulpt-kleinekoenige\/thumbs\/thumbs_2_006-zollner.jpg\"\n                    width=\"120\"\n                    height=\"120\"\n                    style=\"max-width:100%;\"\n                \/>\n            <\/a>\n        <\/div>\n\t\t\t\t\t\t\t<\/div> \n\t\t\t\n        \n\t\t\t\t<div id=\"ngg-image-2\" class=\"ngg-gallery-thumbnail-box\" >\n\t\t\t\t        <div class=\"ngg-gallery-thumbnail\">\n            <a href=\"https:\/\/www.windemuth-osterloh.de\/wp-content\/gallery\/skulpt-kleinekoenige\/3_005-zollner.jpg\"\n               title=\"\"\n               data-src=\"https:\/\/www.windemuth-osterloh.de\/wp-content\/gallery\/skulpt-kleinekoenige\/3_005-zollner.jpg\"\n               data-thumbnail=\"https:\/\/www.windemuth-osterloh.de\/wp-content\/gallery\/skulpt-kleinekoenige\/thumbs\/thumbs_3_005-zollner.jpg\"\n               data-image-id=\"32\"\n               data-title=\"3_005-zollner\"\n               data-description=\"\"\n               data-image-slug=\"3_005-zollner\"\n               class=\"ngg-fancybox\" rel=\"62fa80d4f53bab2627e51c55d92c1a95\">\n                <img\n                    title=\"3_005-zollner\"\n                    alt=\"3_005-zollner\"\n                    src=\"https:\/\/www.windemuth-osterloh.de\/wp-content\/gallery\/skulpt-kleinekoenige\/thumbs\/thumbs_3_005-zollner.jpg\"\n                    width=\"120\"\n                    height=\"120\"\n                    style=\"max-width:100%;\"\n                \/>\n            <\/a>\n        <\/div>\n\t\t\t\t\t\t\t<\/div> \n\t\t\t\n        \n\t\t\t\t<div id=\"ngg-image-3\" class=\"ngg-gallery-thumbnail-box\" >\n\t\t\t\t        <div class=\"ngg-gallery-thumbnail\">\n            <a href=\"https:\/\/www.windemuth-osterloh.de\/wp-content\/gallery\/skulpt-kleinekoenige\/4_010-zollner-neu.jpg\"\n               title=\"\"\n               data-src=\"https:\/\/www.windemuth-osterloh.de\/wp-content\/gallery\/skulpt-kleinekoenige\/4_010-zollner-neu.jpg\"\n               data-thumbnail=\"https:\/\/www.windemuth-osterloh.de\/wp-content\/gallery\/skulpt-kleinekoenige\/thumbs\/thumbs_4_010-zollner-neu.jpg\"\n               data-image-id=\"33\"\n               data-title=\"4_010-zollner-neu\"\n               data-description=\"\"\n               data-image-slug=\"4_010-zollner-neu\"\n               class=\"ngg-fancybox\" rel=\"62fa80d4f53bab2627e51c55d92c1a95\">\n                <img\n                    title=\"4_010-zollner-neu\"\n                    alt=\"4_010-zollner-neu\"\n                    src=\"https:\/\/www.windemuth-osterloh.de\/wp-content\/gallery\/skulpt-kleinekoenige\/thumbs\/thumbs_4_010-zollner-neu.jpg\"\n                    width=\"120\"\n                    height=\"120\"\n                    style=\"max-width:100%;\"\n                \/>\n            <\/a>\n        <\/div>\n\t\t\t\t\t\t\t<\/div> \n\t\t\t\n        \n\t\t\t\t<div id=\"ngg-image-4\" class=\"ngg-gallery-thumbnail-box\" >\n\t\t\t\t        <div class=\"ngg-gallery-thumbnail\">\n            <a href=\"https:\/\/www.windemuth-osterloh.de\/wp-content\/gallery\/skulpt-kleinekoenige\/5_002-zollner.jpg\"\n               title=\"\"\n               data-src=\"https:\/\/www.windemuth-osterloh.de\/wp-content\/gallery\/skulpt-kleinekoenige\/5_002-zollner.jpg\"\n               data-thumbnail=\"https:\/\/www.windemuth-osterloh.de\/wp-content\/gallery\/skulpt-kleinekoenige\/thumbs\/thumbs_5_002-zollner.jpg\"\n               data-image-id=\"34\"\n               data-title=\"5_002-zollner\"\n               data-description=\"\"\n               data-image-slug=\"5_002-zollner\"\n               class=\"ngg-fancybox\" rel=\"62fa80d4f53bab2627e51c55d92c1a95\">\n                <img\n                    title=\"5_002-zollner\"\n                    alt=\"5_002-zollner\"\n                    src=\"https:\/\/www.windemuth-osterloh.de\/wp-content\/gallery\/skulpt-kleinekoenige\/thumbs\/thumbs_5_002-zollner.jpg\"\n                    width=\"120\"\n                    height=\"120\"\n                    style=\"max-width:100%;\"\n                \/>\n            <\/a>\n        <\/div>\n\t\t\t\t\t\t\t<\/div> \n\t\t\t\n        \n\t\t\t\t<div id=\"ngg-image-5\" class=\"ngg-gallery-thumbnail-box\" >\n\t\t\t\t        <div class=\"ngg-gallery-thumbnail\">\n            <a href=\"https:\/\/www.windemuth-osterloh.de\/wp-content\/gallery\/skulpt-kleinekoenige\/6_003-zollner.jpg\"\n               title=\"\"\n               data-src=\"https:\/\/www.windemuth-osterloh.de\/wp-content\/gallery\/skulpt-kleinekoenige\/6_003-zollner.jpg\"\n               data-thumbnail=\"https:\/\/www.windemuth-osterloh.de\/wp-content\/gallery\/skulpt-kleinekoenige\/thumbs\/thumbs_6_003-zollner.jpg\"\n               data-image-id=\"35\"\n               data-title=\"6_003-zollner\"\n               data-description=\"\"\n               data-image-slug=\"6_003-zollner\"\n               class=\"ngg-fancybox\" rel=\"62fa80d4f53bab2627e51c55d92c1a95\">\n                <img\n                    title=\"6_003-zollner\"\n                    alt=\"6_003-zollner\"\n                    src=\"https:\/\/www.windemuth-osterloh.de\/wp-content\/gallery\/skulpt-kleinekoenige\/thumbs\/thumbs_6_003-zollner.jpg\"\n                    width=\"120\"\n                    height=\"120\"\n                    style=\"max-width:100%;\"\n                \/>\n            <\/a>\n        <\/div>\n\t\t\t\t\t\t\t<\/div> \n\t\t\t\n        \n\t\t\t\t<div id=\"ngg-image-6\" class=\"ngg-gallery-thumbnail-box\" >\n\t\t\t\t        <div class=\"ngg-gallery-thumbnail\">\n            <a href=\"https:\/\/www.windemuth-osterloh.de\/wp-content\/gallery\/skulpt-kleinekoenige\/7_007-Zollner.jpg\"\n               title=\"\"\n               data-src=\"https:\/\/www.windemuth-osterloh.de\/wp-content\/gallery\/skulpt-kleinekoenige\/7_007-Zollner.jpg\"\n               data-thumbnail=\"https:\/\/www.windemuth-osterloh.de\/wp-content\/gallery\/skulpt-kleinekoenige\/thumbs\/thumbs_7_007-Zollner.jpg\"\n               data-image-id=\"117\"\n               data-title=\"7_007 Zollner\"\n               data-description=\"\"\n               data-image-slug=\"7_007-zollner\"\n               class=\"ngg-fancybox\" rel=\"62fa80d4f53bab2627e51c55d92c1a95\">\n                <img\n                    title=\"7_007 Zollner\"\n                    alt=\"7_007 Zollner\"\n                    src=\"https:\/\/www.windemuth-osterloh.de\/wp-content\/gallery\/skulpt-kleinekoenige\/thumbs\/thumbs_7_007-Zollner.jpg\"\n                    width=\"120\"\n                    height=\"120\"\n                    style=\"max-width:100%;\"\n                \/>\n            <\/a>\n        <\/div>\n\t\t\t\t\t\t\t<\/div> \n\t\t\t\n        \n\t\t\n\t\t<!-- Pagination -->\n\t<div class='ngg-clear'><\/div>\t<\/div>\n\n<p>Die Stimmungslage der Kinder mit Down-Syndrom ist in der Regel heiter und froh. Sie sind sehr anschmiegsam und z\u00e4rtlich, haben ein gro\u00dfes Liebesbed\u00fcrfnis und sind bereit Liebe zu geben. Sie sind voller Einf\u00e4lle,&nbsp; die in der Regel sofort ausgef\u00fchrt werden. Diese Kinder verf\u00fcgen \u00fcber ein besonders gro\u00dfes Einf\u00fchlungsverm\u00f6gen in Stimmungen und emotionale Reaktionen ihrer Mitmenschen, sowie intrafamili\u00e4re Konflikte oder Probleme im Klassenverband, am Arbeitsplatz bzw. in Freizeitgruppen. Au\u00dferdem besitzen sie ein erstaunlich schauspielerisches Imitationstalent, eine humoristische Begabung mit einem lebhaften Sinn f\u00fcr das Spa\u00dfige, eine breite, jedoch verwaschene Sprache.<\/p>\n<p>Bemerkenswert ist, dass Down damals bereits auf die p\u00e4dagogische F\u00f6rderung hingewiesen hat. Wenn Imitationsgabe, wenn sie gepflegt w\u00fcrde, praktisch ausgenutzt werden k\u00f6nnte. Wir d\u00fcrfen mit Sicherheit davon ausgehen, dass diese Menschen im Mittelalter wegen dieser speziellen Begabungen, insbesondere wegen ihres Humors bevorzugt behandelt wurden und als Hofnarren der Herrscher sehr beliebt waren<\/p>\n","protected":false},"excerpt":{"rendered":"<p>Die Stimmungslage der Kinder mit Down-Syndrom ist in der Regel heiter und froh. Sie sind sehr anschmiegsam und z\u00e4rtlich, haben ein gro\u00dfes Liebesbed\u00fcrfnis und sind bereit Liebe zu geben. Sie sind voller Einf\u00e4lle,&nbsp; die in der Regel sofort ausgef\u00fchrt werden. Diese Kinder verf\u00fcgen \u00fcber ein besonders gro\u00dfes Einf\u00fchlungsverm\u00f6gen in Stimmungen und emotionale Reaktionen ihrer Mitmenschen, [&hellip;]<\/p>\n","protected":false},"author":1,"featured_media":0,"parent":4,"menu_order":10,"comment_status":"closed","ping_status":"closed","template":"","meta":{"ngg_post_thumbnail":0},"_links":{"self":[{"href":"https:\/\/www.windemuth-osterloh.de\/index.php?rest_route=\/wp\/v2\/pages\/143"}],"collection":[{"href":"https:\/\/www.windemuth-osterloh.de\/index.php?rest_route=\/wp\/v2\/pages"}],"about":[{"href":"https:\/\/www.windemuth-osterloh.de\/index.php?rest_route=\/wp\/v2\/types\/page"}],"author":[{"embeddable":true,"href":"https:\/\/www.windemuth-osterloh.de\/index.php?rest_route=\/wp\/v2\/users\/1"}],"replies":[{"embeddable":true,"href":"https:\/\/www.windemuth-osterloh.de\/index.php?rest_route=%2Fwp%2Fv2%2Fcomments&post=143"}],"version-history":[{"count":3,"href":"https:\/\/www.windemuth-osterloh.de\/index.php?rest_route=\/wp\/v2\/pages\/143\/revisions"}],"predecessor-version":[{"id":452,"href":"https:\/\/www.windemuth-osterloh.de\/index.php?rest_route=\/wp\/v2\/pages\/143\/revisions\/452"}],"up":[{"embeddable":true,"href":"https:\/\/www.windemuth-osterloh.de\/index.php?rest_route=\/wp\/v2\/pages\/4"}],"wp:attachment":[{"href":"https:\/\/www.windemuth-osterloh.de\/index.php?rest_route=%2Fwp%2Fv2%2Fmedia&parent=143"}],"curies":[{"name":"wp","href":"https:\/\/api.w.org\/{rel}","templated":true}]}}